-24*b + 9*b + 810 = 0. What is the highest common divisor of b and 135?
27
Let x = 1468 + -1268. Calculate the highest common factor of x and 125.
25
Let c(u) = u**2 + 2. Let a be c(0). Let l be 3/a*-2 + 9. Suppose -85 = o - l*o. Calculate the highest common divisor of 17 and o.
17
Suppose -12*w = -7*w - 325. What is the highest common divisor of 5 and w?
5
Let j(d) = 2*d + 1. Let u be 0 + (-12)/4 + 11. Let h be j(u). What is the highest common factor of h and 187?
17
Suppose -44 = -2*r + 2*n, 10*r - 32 = 8*r - 4*n. Calculate the highest common factor of 620 and r.
20
Suppose n + d = -4*d + 2, -2*d = 3*n - 58. Let r be 1 - -1 - (0 + 12). Let v be (2/(-4))/(r/40). What is the greatest common factor of n and v?
2
Suppose -x - 2*n + 329 + 129 = 0, -2*x + 2*n + 886 = 0. Calculate the greatest common factor of 14 and x.
14
Let n(q) = -q**2 - 16*q + 19. Let i = -103 - -86. Let z be n(i). Suppose -3*b + 4*v + 6 = 0, 4*b - 2*v = -0 + 8. What is the highest common divisor of z and b?
2
Suppose 70 = 36*d - 31*d. Let g = -28 + 19. Let j = 30 + g. What is the greatest common divisor of d and j?
7
Let o(v) = 7*v**2 + 112*v + 14. Let q be o(-16). What is the greatest common factor of q and 826?
14
Let g be -144*(1859/39)/(-11). What is the highest common divisor of 16 and g?
16
Suppose 2*p + 3*o - 28 = 0, -o + 44 = 5*p - 0*o. Suppose 0 = -3*f + i + 11 + 60, 0 = 2*f - i - 47. What is the greatest common divisor of p and f?
8
Let s = 42 + -30. Let f be 40/s*3 - -2. What is the greatest common factor of f and 60?
12
Let x = 34 + 46. Let c = -10971 + 11011. Calculate the highest common divisor of c and x.
40
Let p be (-4 - 3/2)*-2. Let r(z) = 2*z**3 - 18*z**2 - 23*z + 12. Let t be r(p). Calculate the highest common factor of t and 27.
27
Let m(h) = -h**3 + 11*h**2 - 4*h + 35. Let c be m(8). Suppose 2*u + 4*s - 366 = 2*s, -u + c = 5*s. Calculate the highest common divisor of u and 15.
15
Let o = 289 + -51. What is the greatest common factor of 68 and o?
34
Let u be 34/3*(-9)/(-6). Suppose 3*h + 2*l - 74 = 0, -h - 3*l = -10 - u. Suppose -31 = -4*q + 65. Calculate the highest common factor of h and q.
24
Let f be (-7)/420*-81595 - (-1)/12. Calculate the greatest common divisor of f and 80.
80
Let x = -18 + 24. Let g be ((-72)/21)/(x/(-21)). What is the greatest common factor of g and 24?
12
Suppose -3*t = -6 + 6. Let g = t - -72. Calculate the greatest common divisor of 8 and g.
8
Let x = 22 + -22. Let k be x + (-2 - -3) + 4. Suppose 0 = 3*o - 0*o - k*y - 28, 2*o - 4*y - 16 = 0. Calculate the highest common divisor of o and 48.
16
Let m = -80 - -170. Suppose 5*v - 5*h = -15, 3*v - 3*h + 6 = v. Let f = 13 + v. What is the highest common factor of m and f?
10
Let y(u) = u + 9. Let a be y(-6). Let o be 52/(-13) + 1*a. Let h be (8 - o) + (-3)/1. Calculate the highest common divisor of h and 4.
2
Let i(s) = -207*s. Let h be i(-1). Let t = -58 - -134. Let n = t + -53. What is the greatest common divisor of h and n?
23
Suppose -2 = 3*z - 17. Suppose z*a + 15 = 0, 0*a - 21 = 4*t - a. Let i = 17 + t. Calculate the highest common divisor of i and 55.
11
Let p = -114 - -219. Calculate the greatest common factor of p and 126.
21
Let q = -130 + 251. Let f(c) = 1. Let d(j) = 12*j**2 + j - 4. Let y(g) = d(g) + 4*f(g). Let z be y(-1). Calculate the highest common factor of z and q.
11
Let j be (-361)/38*(-18 - -2). What is the highest common divisor of j and 532?
76
Let c(u) = -6*u + 1. Let n be c(-1). Let g = 2 + n. Suppose -5*y - 22 = -4*l, -l - 4*y - 2 - 3 = 0. Calculate the highest common factor of g and l.
3
Suppose -4*y = -w - 368, 2 - 18 = -4*w. Let z be (3 - y/(-12)) + (-5)/(-20). Calculate the highest common factor of z and 209.
11
Let k = -4 + -2. Let g be (-4)/k - (-236)/6. Suppose -31*f + 73 + 82 = 0. Calculate the highest common factor of f and g.
5
Let j be (-4)/(-14) - 748/(-77). What is the greatest common divisor of j and 80?
10
Let v = 432 + -422. Calculate the greatest common factor of v and 530.
10
Let t(w) = 24*w**2 - 14*w + 20. Let j be t(4). Calculate the highest common factor of j and 12.
12
Let a = -13 - -19. Let r = 39 - a. Let u be (1 - 2)*(-2 + -1). Calculate the highest common factor of r and u.
3
Suppose -i - 1 = 0, 0 = -4*a + 3*i + 2*i + 53. Let m(l) = -l**2 - 298*l + 909. Let c be m(3). What is the highest common divisor of a and c?
6
Let x(s) = s + 74. Let g be x(-29). What is the highest common divisor of 795 and g?
15
Let z(a) = a - 8. Let w be z(8). Suppose w*u - 285 = 5*u. Let k = -28 - u. Calculate the greatest common divisor of 116 and k.
29
Suppose -2*c - 4*h = 4, -72*h - 27 = -3*c - 67*h. Suppose 4*d = -8 + 64. What is the highest common factor of d and c?
2
Let t(n) = n**3 - 10*n**2 + 8*n + 20. Let b be t(7). Let i = b + 83. What is the greatest common divisor of i and 4?
4
Let s = 91 - 69. Suppose -4*o + 192 - 36 = 2*p, -3*p = o - 259. Calculate the greatest common divisor of p and s.
22
Let y be -30 - 9/((-18)/(-8)). Let c = -17 - y. Suppose h = 3*k - c, 2*h = 5*k - 0*k - 30. Calculate the greatest common divisor of k and 2.
2
Let r = 64 + -59. Suppose -3*y = 2*y + 10. Let u be ((-3)/(-6))/(y/(-220)). Calculate the greatest common factor of u and r.
5
Let v = -432 - -657. Calculate the highest common factor of 18 and v.
9
Suppose -9 = 4*m + 4*s + 35, -s = -4*m - 19. Let x = -6 - m. Suppose x = 2*g - 6*g + 64. What is the highest common factor of g and 4?
4
Let m be (0 + -94)/(-1) - 2. Suppose h + 10 = 3*h. Suppose -c - 3*k + 18 - 4 = 0, -h*c = 4*k - 103. What is the greatest common divisor of c and m?
23
Suppose 0 = 222*m - 220*m - 330. Calculate the greatest common divisor of 33 and m.
33
Let o be 9776/234 - ((-2)/(-9))/(-1). What is the highest common divisor of o and 112?
14
Let o = 1211 - 915. Calculate the highest common divisor of 16 and o.
8
Let u(a) = 9*a**2 + 23*a + 43. Let y be u(-2). Calculate the highest common divisor of 11 and y.
11
Let p(i) = -i**3 - 10*i**2 + 7*i - 21. Let k be p(-11). Suppose -2*l + k = -2*y + 1, -4*y = -3*l + 36. Calculate the highest common factor of l and 20.
4
Let k(a) = 13*a + 18. Let p(r) = -9*r - 12. Let t(d) = -5*k(d) - 7*p(d). Let i be t(-7). Let f be 0 + 2 + i/4. What is the highest common divisor of 10 and f?
2
Let m = -219 + 244. Calculate the highest common divisor of m and 225.
25
Let a(b) = 6*b + 92. Let g be a(-13). Let i(l) = 10*l - 3. Let d be i(3). Let f = d + -13. What is the greatest common divisor of f and g?
14
Let t be 1 - ((-51)/(-3))/(-1). Let a(o) be the first derivative of 7*o**2/2 + 9*o + 35. Let u be a(-1). Calculate the highest common divisor of u and t.
2
Let s(u) = -u**2 + 4*u - 1. Let p be s(-4). Let c = -20 - p. What is the greatest common factor of c and 52?
13
Suppose 0*a + d - 100 = -2*a, -3*d = 0. What is the greatest common factor of 10 and a?
10
Suppose -p + 4 = -13. Let s be (-220)/(-70) + -3 - 2496/(-21). What is the greatest common divisor of s and p?
17
Let x(m) = -m**3 + 10*m**2 + 5*m - 14. Let v be x(9). Calculate the greatest common factor of 32 and v.
16
Suppose 312 = -2*s + 936. Calculate the highest common factor of 78 and s.
78
Let d(p) = 2*p**2 - 7*p + 18. Let j be d(3). Let r = -9 + 19. Suppose 5*i - 4*i = r. Calculate the highest common factor of j and i.
5
Let v(b) = 3*b**2 - 100*b + 30. Let u be v(34). Calculate the greatest common factor of u and 126.
14
Suppose -16*l + 3583 = 783. Calculate the highest common divisor of l and 25.
25
Let i = 36 - 15. Let q be ((-4)/3)/((-25)/(-900)). Let p = q - -90. What is the greatest common factor of p and i?
21
Suppose 7*i = -258 + 300. What is the highest common divisor of 2 and i?
2
Let s(h) = h + 14. Let x be s(-11). Let q be x - -1*(1 + -2). Let p(f) = 4*f**2 + 2*f. Let m be p(q). Calculate the highest common divisor of m and 220.
20
Suppose 9*i = 15*i - 1170. Calculate the highest common divisor of 30 and i.
15
Let t = 55 + -59. Let q be 7 - t*(-3)/4. What is the greatest common factor of q and 28?
4
Let i = 1103 - 1051. Calculate the greatest common divisor of 572 and i.
52
Let l = 2 - -1. Suppose -2*i - 1 + 23 = 2*g, -4*g - 3*i + 39 = 0. What is the highest common factor of g and l?
3
Let n = -460 - -852. What is the highest common factor of 8 and n?
8
Let d be (-2112)/(-30) - (-2)/(-5). Let u be